What are the prime factors of x(c)?
2, 3, 41
Suppose 35069 = 5*l - 3*t, -5565 = 2*l + 2*t - 19583. List the prime factors of l.
2, 1753
Suppose -218*k + 5207440 = 122*k. List the prime factors of k.
2, 7, 547
Let x(l) = 109*l**2 + 3*l - 3. Let j be x(-2). Let h be (-2 - 1/1) + j. Let r = h + -292. List the prime factors of r.
2, 3, 11
Suppose 4*v - 3*w = 44419, -2*v - 5*w = -9*w - 22202. List the prime factors of v.
29, 383
Let w = -3121 + 5104. List the prime factors of w.
3, 661
Suppose -44634 = 4*r - 165518. List the prime factors of r.
47, 643
Let j = 95 + -114. Let p(h) = -33 + 9 + 23*h + h**3 + 12 - 5*h + 20*h**2. List the prime factors of p(j).
7
Let f = -61 - -62. Let p be 7*f/(35/30). Suppose -129 = -p*v + 183. List the prime factors of v.
2, 13
Let z(k) = 83*k**2 + 248*k + 2039. List the prime factors of z(-8).
3, 1789
Suppose 0 = -3*x + 5*s + 66004, 5*x - 133521 = -s - 23533. What are the prime factors of x?
2, 17, 647
Suppose -26*a + 22635 = -17*a. Let j = -948 + a. List the prime factors of j.
1567
Let b(u) = 45*u**2 + 114*u - 791. What are the prime factors of b(7)?
2, 7, 79
Let b(z) = -2*z - 17. Suppose 5*k - 27 = -4*k. Suppose 50 = -5*x - k*i, 3*i = -4*x + x - 24. What are the prime factors of b(x)?
3
Let v be (2/(-6))/((-2)/(-129))*-2. Suppose -v*q + 2385 = -34*q. What are the prime factors of q?
5, 53
What are the prime factors of (-34269)/(-4 + 60/20)?
3, 11423
Let s(r) = 113*r**3 + 3*r**2 + 4*r. Let a be s(3). Suppose a = 6*n - n. List the prime factors of n.
2, 3, 103
Let t = -1 + 1. Let z(q) = 25*q**2 + 7*q - 24. Let p be z(3). Suppose t*d = -2*d + p. What are the prime factors of d?
3, 37
Suppose 0 = 5*o - 6*o + 4*g - 7, -6*g = -4*o - 78. Let i(d) = -d**3 - 27*d**2 - 47*d - 12. List the prime factors of i(o).
3, 419
Suppose 4*g = -2*u - 2, -3*u + 2*u - 1 = -4*g. Let j be (3/6)/u*-2. What are the prime factors of (-5 + j)*((-339)/6 + 5)?
2, 103
Let g(x) = 2664*x**2 + 225*x - 924. What are the prime factors of g(4)?
2, 3, 5, 71
Suppose 3*s + 6 = 5*b, -2*b + 4*s + 15 = 7*s. Suppose b*w - 333 = 81. List the prime factors of w.
2, 3, 23
Let b(o) = 21 - 23*o + 62*o - 20*o - 29*o. Let w(f) = f**2 - 4*f - 105. Let q be w(12). What are the prime factors of b(q)?
3, 37
Suppose -107*w = -96*w - 31009. List the prime factors of w.
2819
Let v(a) = -a**3 + 3 - a + 3 - 3. Let f be v(0). Suppose -12 = -f*r, 4*d - 2*d = 3*r + 96. What are the prime factors of d?
2, 3
Suppose -24 = a - 16. List the prime factors of (a + (4 - 3))*-62.
2, 7, 31
Suppose 57*r - 845660 + 65992 = 898355. List the prime factors of r.
3, 3271
Suppose 68046 = 11*w + 22066. What are the prime factors of w?
2, 5, 11, 19
Let x(q) = -2*q**2 - 9 + 5 - q**3 + 7. Let v be x(-2). Suppose -5*n - v*l = -760, -152 = -n - l - l. List the prime factors of n.
2, 19
Let z be (16/48)/(1/21). List the prime factors of 2 + 407 - (z - 6).
2, 3, 17
Let s(r) = 6*r**2 - r - 2. Let j = 45 + -24. Suppose 16 = z + j. What are the prime factors of s(z)?
3, 17
Suppose -4*a + 501 = -355. Suppose -9*k = -10*k - a. List the prime factors of (-6)/45 - k/30.
7
Let o(f) = f**3 - 3*f**2 - 23*f + 18. Let s be o(-6). What are the prime factors of (-15012)/(-15) - (-4 - s/35)?
2, 5
Let k = 10 - 143. What are the prime factors of (-4)/(-7)*648 - (-38)/k?
2, 5, 37
Let v = 515 + 394. List the prime factors of v.
3, 101
Suppose 7*u = 2*u + 30. Suppose 411 + 633 = u*p. Suppose -p = -h - h. What are the prime factors of h?
3, 29
Let c = 21946 + -14665. What are the prime factors of c?
3, 809
Let r be (9/(-4))/(27/(-72)) + -3. Suppose -4*f = 11*o - 8*o - 1541, -r*f - 3*o + 1158 = 0. List the prime factors of f.
383
Let z = 86 - 61. Let r(t) = t**3 - 24*t**2 + 6*t - 69. What are the prime factors of r(z)?
2, 353
Let o = 9975 - 2674. List the prime factors of o.
7, 149
Let s(x) be the first derivative of x**4/4 + 3*x**2/2 + 5*x + 1. Let f(t) = t**3 + 33*t**2 - 31*t + 106. Let u be f(-34). What are the prime factors of s(u)?
3
Suppose -3*r - 4*r = 28. Let w be r*3/(-24)*-6. What are the prime factors of (-5 + -58)*((-18)/(-7))/w?
2, 3
Suppose 0 = -2*z + 2677 - 917. Let p = 1557 - z. What are the prime factors of p?
677
Let g = 2286 + -934. Suppose -g = -5*r + 343. List the prime factors of r.
3, 113
Let p(y) = -y**3 + 8*y**2 - 11*y - 12. Let c be p(6). Let n be -4 - (c/18)/((-1)/(-12)). Suppose n = -4*u + 7*u - 609. What are the prime factors of u?
7, 29
Let m = 141 - 140. What are the prime factors of 912 + 7/(7/m)?
11, 83
Let r be 3/((-9)/(-39))*1. Suppose -10*p = -r*p + 9. What are the prime factors of (-8)/(-20)*(p - 8)*-14?
2, 7
Let g = -107 + 69. Let j = 3 - g. Suppose j = 2*p - z, p = 4*p + 3*z - 75. List the prime factors of p.
2, 11
Suppose -47*l + 44*l = c - 41807, 0 = l - 4*c - 13953. List the prime factors of l.
7, 11, 181
Let r be 27/(-45) + (-17)/5. Let g = 92 - r. Suppose -230 = -s - 4*s - 5*t, -g = -2*s - 4*t. What are the prime factors of s?
2, 11
Suppose -3*q = -2*o + 27510, 0 = -39*o + 34*o - 5*q + 68800. List the prime factors of o.
2, 3, 2293
Suppose -5*m + 3*m = -2*u + 14, -m + 3 = 4*u. Suppose 0 = u*p + 2*k + 66, k + 111 = -4*p - 27. List the prime factors of 120/p + 3/7 + 98.
5, 19
Let h = 6 - 1. Suppose -3*c + 2*q + 37 = 0, c = -c - h*q - 7. List the prime factors of c.
3
What are the prime factors of (56/(-40) + 2/5)*(1 + -47859)?
2, 23929
Let w(g) = 38*g**2 - 14*g - 209*g**2 - 10*g + 10 - 38. Let l(s) = -57*s**2 - 8*s - 9. Let f(h) = 17*l(h) - 6*w(h). List the prime factors of f(-2).
227
Suppose l - 79 = -419. Let m = l - -711. What are the prime factors of m?
7, 53
Let f(p) = p**2 + p - 17. Let a be f(4). Suppose a*j = -15, -3*j = -5*w + 5152 - 1272. What are the prime factors of w?
773
Suppose 0 = n + 8*n + 16344. Let s be 2/9 - n/(-72). What are the prime factors of (-1 - -1) + 28 + s?
3
Suppose -11*q + 262 = -2. Suppose -3*s + a = -1289, -21*s - 2*a = -q*s + 1285. What are the prime factors of s?
431
Let u(l) = -10*l**2 - 9*l - 9. Let x be u(-1). List the prime factors of (-25 - -20)*472/x.
2, 59
Let u = 13480 + -4892. List the prime factors of u.
2, 19, 113
Let i = 11309 - 7991. Suppose -i = 117*w - 123*w. What are the prime factors of w?
7, 79
Let s(l) = l**2 - 8*l + 15. Let f be s(7). Suppose 11*t - 60 = f*t. Let n = t - -3. What are the prime factors of n?
23
Let o(b) = -b**3 + 8*b**2 - 6*b - 3. Let h be o(7). Suppose -h*r = 46 + 38. What are the prime factors of (-6)/r - 2199/(-21)?
3, 5, 7
Let j(n) = 4*n**2 - 14*n + 15. List the prime factors of j(10).
5, 11
What are the prime factors of 148*(-154)/(-8) + 10?
3, 953
Suppose -2*q - 5*w + 17 = 0, 2*q = -0*q + 5*w - 33. Let u be 1*(-7 - q) - (-756)/(-2). List the prime factors of u*(-4*3/(-18) - 1).
127
Let a(w) = -32*w**3 + 10*w**2 + 61*w - 3. List the prime factors of a(-6).
3, 13, 59
Suppose 8*g - 7*g = 27. Suppose -g*y + 23*y = 12. What are the prime factors of 49 + (-2)/(2/y)?
2, 13
What are the prime factors of (337/(-3) - (-46)/(-69))*-541?
113, 541
Suppose -5*n = 2*c - 33, 4*n + 80 = c + 3*c. Let q = 44 - c. Let x(t) = t**3 - 24*t**2 - 20*t - 38. What are the prime factors of x(q)?
3, 29
Suppose -539637 + 19397 = -28*z. What are the prime factors of z?
2, 5, 929
Suppose 28*r - 261890 = 9*r + 9*r. What are the prime factors of r?
26189
Suppose 1197807 - 134199 = 168*m. List the prime factors of m.
13, 487
Let k(d) = -442*d + 1601. List the prime factors of k(-9).
7, 797
Let c(p) = 6*p - 531. Let h be c(0). Let o = h + 1142. Suppose 0 = -4*s + d + o, 5*s = 2*s + 3*d + 456. List the prime factors of s.
3, 17
List the prime factors of 18/(-2) - 2203310/(-79).
7, 569
Let p(j) = -34*j - 33. Suppose 0 = -18*h + 21*h + 36. List the prime factors of p(h).
3, 5
Suppose 4*b = p - 1961, -2*b + 4061 + 5810 = 5*p. List the prime factors of p.
1973
Let d be (6 - 8 - -2) + 6. What are the prime factors of ((-2674)/42)/((-2)/d)?
191
Let j be 6263/12 - (-11)/132. List the prime factors of (0/(-4) + j)/1.
2, 3, 29
Suppose -15 = -5*d + 2*v - v, 5*v + 25 = 0. Suppose -d*k - 13*g + 1494 = -8*g, 4*g = -3*k + 2227. List the prime factors of k.
11, 67
Let o(v) = -2*v**2 + 18*v + 37. Let p be o(10). Suppose 26*r = p*r + 10629. List the prime factors of r.
1181
Let y be 2 - 19373/(-11) - 12/66. Let b = y + -221. List the prime factors of b.